{"id":3290,"date":"2025-01-22T13:13:42","date_gmt":"2025-01-22T12:13:42","guid":{"rendered":"https:\/\/renier.be\/?post_type=product&#038;p=3290"},"modified":"2025-07-03T13:42:00","modified_gmt":"2025-07-03T11:42:00","slug":"gestalten-sie-ihren-eigenen-sockel-aus-belgischem-blaustein","status":"publish","type":"product","link":"https:\/\/renier.be\/de\/product\/stel-zelf-uw-sokkel-in-belgisch-blauwe-natuursteen-samen\/","title":{"rendered":"Stellen Sie Ihren Sockel aus belgischem Blaustein zusammen"},"content":{"rendered":"<p>Unser belgischer Blaustein ist eines der best\u00e4ndigsten Materialien der Welt. Dieser uralte Stein, der \u00fcber Millionen von Jahren entstanden ist, wird lokal und umweltfreundlich abgebaut.<\/p>\n<p>Dieser Sockel ist mit facettierten Kanten und einem zentralen Bohrloch von 20 mm versehen:<\/p>\n<ul>\n<li>M\u00f6gliche Formate: 12\u00d712, 15\u00d715, 18\u00d718, 20\u00d720<\/li>\n<li>Blaustein aus unserem eigenen Steinbruch (La Pr\u00e9alle in Sprimont)<\/li>\n<li>Blau geschliffen<\/li>\n<li>Flexibilit\u00e4t in der H\u00f6he<\/li>\n<\/ul>\n<p>Alternativ:<\/p>\n<p>Wenn Sie Wert auf eine sch\u00f6ne, gleichm\u00e4\u00dfige blaue Oberfl\u00e4che ohne viele Fossilien legen, kann dieser Sockel auch aus Vinalmont-Kalkstein gefertigt werden.<\/p>\n<p>&nbsp;<\/p>\n<p><img decoding=\"async\" class=\"alignnone size-medium wp-image-1305\" src=\"https:\/\/renier.be\/wp-content\/uploads\/2024\/06\/Renier-logo-met-belgische-vlag-300x99.jpg\" alt=\"\" width=\"300\" height=\"99\" srcset=\"https:\/\/renier.be\/wp-content\/uploads\/2024\/06\/Renier-logo-met-belgische-vlag-300x99.jpg 300w, https:\/\/renier.be\/wp-content\/uploads\/2024\/06\/Renier-logo-met-belgische-vlag-1024x337.jpg 1024w, https:\/\/renier.be\/wp-content\/uploads\/2024\/06\/Renier-logo-met-belgische-vlag-768x253.jpg 768w, https:\/\/renier.be\/wp-content\/uploads\/2024\/06\/Renier-logo-met-belgische-vlag-600x197.jpg 600w, https:\/\/renier.be\/wp-content\/uploads\/2024\/06\/Renier-logo-met-belgische-vlag.jpg 1067w\" sizes=\"(max-width: 300px) 100vw, 300px\" \/><\/p>","protected":false},"excerpt":{"rendered":"<p>Stellen Sie sich hier ganz einfach Ihren idealen Sockel f\u00fcr unter Ihr Nebengeb\u00e4ude zusammen. W\u00e4hlen Sie unten das Format und die L\u00e4nge. Der Preis pro St\u00fcck und pro m\u00b2 wird dann automatisch berechnet. Sie k\u00f6nnen jederzeit die gew\u00fcnschte Ausf\u00fchrung \u00e4ndern. Klicken Sie dann auf \"In den Warenkorb\" und schlie\u00dfen Sie Ihre Bestellung ab. Die Lieferzeit betr\u00e4gt 2 Wochen.<\/p>","protected":false},"featured_media":3292,"template":"","meta":{"_acf_changed":false},"product_brand":[],"product_cat":[37,62,34,20],"product_tag":[],"class_list":{"0":"post-3290","1":"product","2":"type-product","3":"status-publish","4":"has-post-thumbnail","6":"product_cat-poolhouse","7":"product_cat-sokkel","8":"product_cat-tuin","9":"product_cat-tuin-terras","11":"first","12":"onbackorder","13":"taxable","14":"shipping-taxable","15":"purchasable","16":"product-type-simple"},"acf":[],"yoast_head":"<!-- This site is optimized with the Yoast SEO plugin v27.5 - https:\/\/yoast.com\/product\/yoast-seo-wordpress\/ -->\n<title>Stel zelf uw sokkel in Belgisch Blauwe natuursteen samen - Renier Natuursteen<\/title>\n<meta name=\"robots\" content=\"index, follow, max-snippet:-1, max-image-preview:large, max-video-preview:-1\" \/>\n<link rel=\"canonical\" href=\"https:\/\/renier.be\/de\/produkt\/gestalten-sie-ihren-eigenen-sockel-aus-belgischem-blaustein\/\" \/>\n<meta property=\"og:locale\" content=\"de_DE\" \/>\n<meta property=\"og:type\" content=\"article\" \/>\n<meta property=\"og:title\" content=\"Stel zelf uw sokkel in Belgisch Blauwe natuursteen samen - Renier Natuursteen\" \/>\n<meta property=\"og:description\" content=\"Stel hier eenvoudig zelf je ideale sokkel voor onder je bijgebouw samen. Kies hieronder het formaat en de lengte. De prijs per stuk en per m\u00b2 wordt automatisch berekend. Je kan steeds de gewenste afwerking aanpassen. Klik daarna op toevoegen in de winkelwagen en vervolledig je bestelling. Levertijd 2 weken.\" \/>\n<meta property=\"og:url\" content=\"https:\/\/renier.be\/de\/produkt\/gestalten-sie-ihren-eigenen-sockel-aus-belgischem-blaustein\/\" \/>\n<meta property=\"og:site_name\" content=\"Renier Natuursteen\" \/>\n<meta property=\"article:publisher\" content=\"https:\/\/www.facebook.com\/reniernatuursteen\" \/>\n<meta property=\"article:modified_time\" content=\"2025-07-03T11:42:00+00:00\" \/>\n<meta property=\"og:image\" content=\"https:\/\/renier.be\/wp-content\/uploads\/2025\/01\/Sokkels-poolhouse-Frank.jpg\" \/>\n\t<meta property=\"og:image:width\" content=\"111\" \/>\n\t<meta property=\"og:image:height\" content=\"114\" \/>\n\t<meta property=\"og:image:type\" content=\"image\/jpeg\" \/>\n<meta name=\"twitter:card\" content=\"summary_large_image\" \/>\n<meta name=\"twitter:label1\" content=\"Gesch\u00e4tzte Lesezeit\" \/>\n\t<meta name=\"twitter:data1\" content=\"1\u00a0Minute\" \/>\n<script type=\"application\/ld+json\" class=\"yoast-schema-graph\">{\"@context\":\"https:\\\/\\\/schema.org\",\"@graph\":[{\"@type\":\"WebPage\",\"@id\":\"https:\\\/\\\/renier.be\\\/product\\\/stel-zelf-uw-sokkel-in-belgisch-blauwe-natuursteen-samen\\\/\",\"url\":\"https:\\\/\\\/renier.be\\\/product\\\/stel-zelf-uw-sokkel-in-belgisch-blauwe-natuursteen-samen\\\/\",\"name\":\"Stel zelf uw sokkel in Belgisch Blauwe natuursteen samen - Renier Natuursteen\",\"isPartOf\":{\"@id\":\"https:\\\/\\\/renier.be\\\/#website\"},\"primaryImageOfPage\":{\"@id\":\"https:\\\/\\\/renier.be\\\/product\\\/stel-zelf-uw-sokkel-in-belgisch-blauwe-natuursteen-samen\\\/#primaryimage\"},\"image\":{\"@id\":\"https:\\\/\\\/renier.be\\\/product\\\/stel-zelf-uw-sokkel-in-belgisch-blauwe-natuursteen-samen\\\/#primaryimage\"},\"thumbnailUrl\":\"https:\\\/\\\/renier.be\\\/wp-content\\\/uploads\\\/2025\\\/01\\\/Sokkels-poolhouse-Frank.jpg\",\"datePublished\":\"2025-01-22T12:13:42+00:00\",\"dateModified\":\"2025-07-03T11:42:00+00:00\",\"breadcrumb\":{\"@id\":\"https:\\\/\\\/renier.be\\\/product\\\/stel-zelf-uw-sokkel-in-belgisch-blauwe-natuursteen-samen\\\/#breadcrumb\"},\"inLanguage\":\"de\",\"potentialAction\":[{\"@type\":\"ReadAction\",\"target\":[\"https:\\\/\\\/renier.be\\\/product\\\/stel-zelf-uw-sokkel-in-belgisch-blauwe-natuursteen-samen\\\/\"]}]},{\"@type\":\"ImageObject\",\"inLanguage\":\"de\",\"@id\":\"https:\\\/\\\/renier.be\\\/product\\\/stel-zelf-uw-sokkel-in-belgisch-blauwe-natuursteen-samen\\\/#primaryimage\",\"url\":\"https:\\\/\\\/renier.be\\\/wp-content\\\/uploads\\\/2025\\\/01\\\/Sokkels-poolhouse-Frank.jpg\",\"contentUrl\":\"https:\\\/\\\/renier.be\\\/wp-content\\\/uploads\\\/2025\\\/01\\\/Sokkels-poolhouse-Frank.jpg\",\"width\":111,\"height\":114},{\"@type\":\"BreadcrumbList\",\"@id\":\"https:\\\/\\\/renier.be\\\/product\\\/stel-zelf-uw-sokkel-in-belgisch-blauwe-natuursteen-samen\\\/#breadcrumb\",\"itemListElement\":[{\"@type\":\"ListItem\",\"position\":1,\"name\":\"Home\",\"item\":\"https:\\\/\\\/renier.be\\\/\"},{\"@type\":\"ListItem\",\"position\":2,\"name\":\"Producten\",\"item\":\"https:\\\/\\\/renier.be\\\/producten\\\/\"},{\"@type\":\"ListItem\",\"position\":3,\"name\":\"Stel zelf uw sokkel in Belgisch Blauwe natuursteen samen\"}]},{\"@type\":\"WebSite\",\"@id\":\"https:\\\/\\\/renier.be\\\/#website\",\"url\":\"https:\\\/\\\/renier.be\\\/\",\"name\":\"Renier Natuursteen\",\"description\":\"Specialist in Belgisch Blauwe Hardsteen\",\"publisher\":{\"@id\":\"https:\\\/\\\/renier.be\\\/#organization\"},\"potentialAction\":[{\"@type\":\"SearchAction\",\"target\":{\"@type\":\"EntryPoint\",\"urlTemplate\":\"https:\\\/\\\/renier.be\\\/?s={search_term_string}\"},\"query-input\":{\"@type\":\"PropertyValueSpecification\",\"valueRequired\":true,\"valueName\":\"search_term_string\"}}],\"inLanguage\":\"de\"},{\"@type\":\"Organization\",\"@id\":\"https:\\\/\\\/renier.be\\\/#organization\",\"name\":\"Renier Natuursteen\",\"url\":\"https:\\\/\\\/renier.be\\\/\",\"logo\":{\"@type\":\"ImageObject\",\"inLanguage\":\"de\",\"@id\":\"https:\\\/\\\/renier.be\\\/#\\\/schema\\\/logo\\\/image\\\/\",\"url\":\"\",\"contentUrl\":\"\",\"caption\":\"Renier Natuursteen\"},\"image\":{\"@id\":\"https:\\\/\\\/renier.be\\\/#\\\/schema\\\/logo\\\/image\\\/\"},\"sameAs\":[\"https:\\\/\\\/www.facebook.com\\\/reniernatuursteen\"]}]}<\/script>\n<!-- \/ Yoast SEO plugin. -->","yoast_head_json":{"title":"Stellen Sie Ihren eigenen Sockel aus belgisch blauem Naturstein zusammen - Renier Natuursteen","robots":{"index":"index","follow":"follow","max-snippet":"max-snippet:-1","max-image-preview":"max-image-preview:large","max-video-preview":"max-video-preview:-1"},"canonical":"https:\/\/renier.be\/de\/produkt\/gestalten-sie-ihren-eigenen-sockel-aus-belgischem-blaustein\/","og_locale":"de_DE","og_type":"article","og_title":"Stel zelf uw sokkel in Belgisch Blauwe natuursteen samen - Renier Natuursteen","og_description":"Stel hier eenvoudig zelf je ideale sokkel voor onder je bijgebouw samen. Kies hieronder het formaat en de lengte. De prijs per stuk en per m\u00b2 wordt automatisch berekend. Je kan steeds de gewenste afwerking aanpassen. Klik daarna op toevoegen in de winkelwagen en vervolledig je bestelling. Levertijd 2 weken.","og_url":"https:\/\/renier.be\/de\/produkt\/gestalten-sie-ihren-eigenen-sockel-aus-belgischem-blaustein\/","og_site_name":"Renier Natuursteen","article_publisher":"https:\/\/www.facebook.com\/reniernatuursteen","article_modified_time":"2025-07-03T11:42:00+00:00","og_image":[{"width":111,"height":114,"url":"https:\/\/renier.be\/wp-content\/uploads\/2025\/01\/Sokkels-poolhouse-Frank.jpg","type":"image\/jpeg"}],"twitter_card":"summary_large_image","twitter_misc":{"Gesch\u00e4tzte Lesezeit":"1\u00a0Minute"},"schema":{"@context":"https:\/\/schema.org","@graph":[{"@type":"WebPage","@id":"https:\/\/renier.be\/product\/stel-zelf-uw-sokkel-in-belgisch-blauwe-natuursteen-samen\/","url":"https:\/\/renier.be\/product\/stel-zelf-uw-sokkel-in-belgisch-blauwe-natuursteen-samen\/","name":"Stellen Sie Ihren eigenen Sockel aus belgisch blauem Naturstein zusammen - Renier Natuursteen","isPartOf":{"@id":"https:\/\/renier.be\/#website"},"primaryImageOfPage":{"@id":"https:\/\/renier.be\/product\/stel-zelf-uw-sokkel-in-belgisch-blauwe-natuursteen-samen\/#primaryimage"},"image":{"@id":"https:\/\/renier.be\/product\/stel-zelf-uw-sokkel-in-belgisch-blauwe-natuursteen-samen\/#primaryimage"},"thumbnailUrl":"https:\/\/renier.be\/wp-content\/uploads\/2025\/01\/Sokkels-poolhouse-Frank.jpg","datePublished":"2025-01-22T12:13:42+00:00","dateModified":"2025-07-03T11:42:00+00:00","breadcrumb":{"@id":"https:\/\/renier.be\/product\/stel-zelf-uw-sokkel-in-belgisch-blauwe-natuursteen-samen\/#breadcrumb"},"inLanguage":"de","potentialAction":[{"@type":"ReadAction","target":["https:\/\/renier.be\/product\/stel-zelf-uw-sokkel-in-belgisch-blauwe-natuursteen-samen\/"]}]},{"@type":"ImageObject","inLanguage":"de","@id":"https:\/\/renier.be\/product\/stel-zelf-uw-sokkel-in-belgisch-blauwe-natuursteen-samen\/#primaryimage","url":"https:\/\/renier.be\/wp-content\/uploads\/2025\/01\/Sokkels-poolhouse-Frank.jpg","contentUrl":"https:\/\/renier.be\/wp-content\/uploads\/2025\/01\/Sokkels-poolhouse-Frank.jpg","width":111,"height":114},{"@type":"BreadcrumbList","@id":"https:\/\/renier.be\/product\/stel-zelf-uw-sokkel-in-belgisch-blauwe-natuursteen-samen\/#breadcrumb","itemListElement":[{"@type":"ListItem","position":1,"name":"Home","item":"https:\/\/renier.be\/"},{"@type":"ListItem","position":2,"name":"Producten","item":"https:\/\/renier.be\/producten\/"},{"@type":"ListItem","position":3,"name":"Stel zelf uw sokkel in Belgisch Blauwe natuursteen samen"}]},{"@type":"WebSite","@id":"https:\/\/renier.be\/#website","url":"https:\/\/renier.be\/","name":"Renier Naturstein","description":"Spezialist f\u00fcr belgischen Blaustein","publisher":{"@id":"https:\/\/renier.be\/#organization"},"potentialAction":[{"@type":"SearchAction","target":{"@type":"EntryPoint","urlTemplate":"https:\/\/renier.be\/?s={search_term_string}"},"query-input":{"@type":"PropertyValueSpecification","valueRequired":true,"valueName":"search_term_string"}}],"inLanguage":"de"},{"@type":"Organization","@id":"https:\/\/renier.be\/#organization","name":"Renier Naturstein","url":"https:\/\/renier.be\/","logo":{"@type":"ImageObject","inLanguage":"de","@id":"https:\/\/renier.be\/#\/schema\/logo\/image\/","url":"","contentUrl":"","caption":"Renier Natuursteen"},"image":{"@id":"https:\/\/renier.be\/#\/schema\/logo\/image\/"},"sameAs":["https:\/\/www.facebook.com\/reniernatuursteen"]}]}},"_links":{"self":[{"href":"https:\/\/renier.be\/de\/wp-json\/wp\/v2\/product\/3290","targetHints":{"allow":["GET"]}}],"collection":[{"href":"https:\/\/renier.be\/de\/wp-json\/wp\/v2\/product"}],"about":[{"href":"https:\/\/renier.be\/de\/wp-json\/wp\/v2\/types\/product"}],"wp:featuredmedia":[{"embeddable":true,"href":"https:\/\/renier.be\/de\/wp-json\/wp\/v2\/media\/3292"}],"wp:attachment":[{"href":"https:\/\/renier.be\/de\/wp-json\/wp\/v2\/media?parent=3290"}],"wp:term":[{"taxonomy":"product_brand","embeddable":true,"href":"https:\/\/renier.be\/de\/wp-json\/wp\/v2\/product_brand?post=3290"},{"taxonomy":"product_cat","embeddable":true,"href":"https:\/\/renier.be\/de\/wp-json\/wp\/v2\/product_cat?post=3290"},{"taxonomy":"product_tag","embeddable":true,"href":"https:\/\/renier.be\/de\/wp-json\/wp\/v2\/product_tag?post=3290"}],"curies":[{"name":"wp","href":"https:\/\/api.w.org\/{rel}","templated":true}]}}

<p>Unser belgischer Blaustein ist eines der beständigsten Materialien der Welt. Dieser uralte Stein, der über Millionen von Jahren entstanden ist, wird lokal und umweltfreundlich abgebaut.</p>
<p>Dieser Sockel ist mit facettierten Kanten und einem zentralen Bohrloch von 20 mm versehen:</p>
<ul>
<li>Mögliche Formate: 12×12, 15×15, 18×18, 20×20</li>
<li>Blaustein aus unserem eigenen Steinbruch (La Préalle in Sprimont)</li>
<li>Blau geschliffen</li>
<li>Flexibilität in der Höhe</li>
</ul>
<p>Alternativ:</p>
<p>Wenn Sie Wert auf eine schöne, gleichmäßige blaue Oberfläche ohne viele Fossilien legen, kann dieser Sockel auch aus Vinalmont-Kalkstein gefertigt werden.</p>
<p>&nbsp;</p>
<p><img decoding="async" class="alignnone size-medium wp-image-1305" src="https://renier.be/wp-content/uploads/2024/06/Renier-logo-met-belgische-vlag-300x99.jpg" alt="" width="300" height="99" srcset="https://renier.be/wp-content/uploads/2024/06/Renier-logo-met-belgische-vlag-300x99.jpg 300w, https://renier.be/wp-content/uploads/2024/06/Renier-logo-met-belgische-vlag-1024x337.jpg 1024w, https://renier.be/wp-content/uploads/2024/06/Renier-logo-met-belgische-vlag-768x253.jpg 768w, https://renier.be/wp-content/uploads/2024/06/Renier-logo-met-belgische-vlag-600x197.jpg 600w, https://renier.be/wp-content/uploads/2024/06/Renier-logo-met-belgische-vlag.jpg 1067w" sizes="(max-width: 300px) 100vw, 300px" /></p>

<p>Stellen Sie sich hier ganz einfach Ihren idealen Sockel für unter Ihr Nebengebäude zusammen. Wählen Sie unten das Format und die Länge. Der Preis pro Stück und pro m² wird dann automatisch berechnet. Sie können jederzeit die gewünschte Ausführung ändern. Klicken Sie dann auf "In den Warenkorb" und schließen Sie Ihre Bestellung ab. Die Lieferzeit beträgt 2 Wochen.</p>

<!-- This site is optimized with the Yoast SEO plugin v27.5 - https://yoast.com/product/yoast-seo-wordpress/ -->
<title>Stel zelf uw sokkel in Belgisch Blauwe natuursteen samen - Renier Natuursteen</title>
<meta name="robots" content="index, follow, max-snippet:-1, max-image-preview:large, max-video-preview:-1" />
<link rel="canonical" href="https://renier.be/de/produkt/gestalten-sie-ihren-eigenen-sockel-aus-belgischem-blaustein/" />
<meta property="og:locale" content="de_DE" />
<meta property="og:type" content="article" />
<meta property="og:title" content="Stel zelf uw sokkel in Belgisch Blauwe natuursteen samen - Renier Natuursteen" />
<meta property="og:description" content="Stel hier eenvoudig zelf je ideale sokkel voor onder je bijgebouw samen. Kies hieronder het formaat en de lengte. De prijs per stuk en per m² wordt automatisch berekend. Je kan steeds de gewenste afwerking aanpassen. Klik daarna op toevoegen in de winkelwagen en vervolledig je bestelling. Levertijd 2 weken." />
<meta property="og:url" content="https://renier.be/de/produkt/gestalten-sie-ihren-eigenen-sockel-aus-belgischem-blaustein/" />
<meta property="og:site_name" content="Renier Natuursteen" />
<meta property="article:publisher" content="https://www.facebook.com/reniernatuursteen" />
<meta property="article:modified_time" content="2025-07-03T11:42:00+00:00" />
<meta property="og:image" content="https://renier.be/wp-content/uploads/2025/01/Sokkels-poolhouse-Frank.jpg" />
	<meta property="og:image:width" content="111" />
	<meta property="og:image:height" content="114" />
	<meta property="og:image:type" content="image/jpeg" />
<meta name="twitter:card" content="summary_large_image" />
<meta name="twitter:label1" content="Geschätzte Lesezeit" />
	<meta name="twitter:data1" content="1 Minute" />
<script type="application/ld+json" class="yoast-schema-graph">{"@context":"https:\/\/schema.org","@graph":[{"@type":"WebPage","@id":"https:\/\/renier.be\/product\/stel-zelf-uw-sokkel-in-belgisch-blauwe-natuursteen-samen\/","url":"https:\/\/renier.be\/product\/stel-zelf-uw-sokkel-in-belgisch-blauwe-natuursteen-samen\/","name":"Stel zelf uw sokkel in Belgisch Blauwe natuursteen samen - Renier Natuursteen","isPartOf":{"@id":"https:\/\/renier.be\/#website"},"primaryImageOfPage":{"@id":"https:\/\/renier.be\/product\/stel-zelf-uw-sokkel-in-belgisch-blauwe-natuursteen-samen\/#primaryimage"},"image":{"@id":"https:\/\/renier.be\/product\/stel-zelf-uw-sokkel-in-belgisch-blauwe-natuursteen-samen\/#primaryimage"},"thumbnailUrl":"https:\/\/renier.be\/wp-content\/uploads\/2025\/01\/Sokkels-poolhouse-Frank.jpg","datePublished":"2025-01-22T12:13:42+00:00","dateModified":"2025-07-03T11:42:00+00:00","breadcrumb":{"@id":"https:\/\/renier.be\/product\/stel-zelf-uw-sokkel-in-belgisch-blauwe-natuursteen-samen\/#breadcrumb"},"inLanguage":"de","potentialAction":[{"@type":"ReadAction","target":["https:\/\/renier.be\/product\/stel-zelf-uw-sokkel-in-belgisch-blauwe-natuursteen-samen\/"]}]},{"@type":"ImageObject","inLanguage":"de","@id":"https:\/\/renier.be\/product\/stel-zelf-uw-sokkel-in-belgisch-blauwe-natuursteen-samen\/#primaryimage","url":"https:\/\/renier.be\/wp-content\/uploads\/2025\/01\/Sokkels-poolhouse-Frank.jpg","contentUrl":"https:\/\/renier.be\/wp-content\/uploads\/2025\/01\/Sokkels-poolhouse-Frank.jpg","width":111,"height":114},{"@type":"BreadcrumbList","@id":"https:\/\/renier.be\/product\/stel-zelf-uw-sokkel-in-belgisch-blauwe-natuursteen-samen\/#breadcrumb","itemListElement":[{"@type":"ListItem","position":1,"name":"Home","item":"https:\/\/renier.be\/"},{"@type":"ListItem","position":2,"name":"Producten","item":"https:\/\/renier.be\/producten\/"},{"@type":"ListItem","position":3,"name":"Stel zelf uw sokkel in Belgisch Blauwe natuursteen samen"}]},{"@type":"WebSite","@id":"https:\/\/renier.be\/#website","url":"https:\/\/renier.be\/","name":"Renier Natuursteen","description":"Specialist in Belgisch Blauwe Hardsteen","publisher":{"@id":"https:\/\/renier.be\/#organization"},"potentialAction":[{"@type":"SearchAction","target":{"@type":"EntryPoint","urlTemplate":"https:\/\/renier.be\/?s={search_term_string}"},"query-input":{"@type":"PropertyValueSpecification","valueRequired":true,"valueName":"search_term_string"}}],"inLanguage":"de"},{"@type":"Organization","@id":"https:\/\/renier.be\/#organization","name":"Renier Natuursteen","url":"https:\/\/renier.be\/","logo":{"@type":"ImageObject","inLanguage":"de","@id":"https:\/\/renier.be\/#\/schema\/logo\/image\/","url":"","contentUrl":"","caption":"Renier Natuursteen"},"image":{"@id":"https:\/\/renier.be\/#\/schema\/logo\/image\/"},"sameAs":["https:\/\/www.facebook.com\/reniernatuursteen"]}]}</script>
<!-- / Yoast SEO plugin. -->

Spezialist für belgischen Blaustein
